f k**6/120 + k**5/10 + k**4/12 + 7*k**3/6 - k**2. What is the units digit of g(s)?
2
Let k be (2/2)/(6 + -5). Let j be 1 - k/(-1)*-3. What is the units digit of 3/j*(-8)/3?
4
Let q(u) = u**3 - 15*u**2 + 86*u + 30. What is the units digit of q(15)?
0
What is the units digit of -1*(6 - (-265)/(-1))?
9
Suppose -20*r + 18*r = -1584. What is the hundreds digit of r?
7
Let v = 53 + 39. Let t = v - 20. What is the units digit of t?
2
Let b = -3236 - -5597. What is the units digit of b?
1
Let c(j) = 9*j**2 + j - 3. What is the units digit of c(7)?
5
Let c(x) = x**2 - x + 18. Suppose -2*f + 5 = -1. Suppose -s + f*s = 0. What is the tens digit of c(s)?
1
Suppose -2*j + 48 - 148 = 0. What is the units digit of (-15)/(-6)*24*(-15)/j?
8
Suppose 0 = y - 262 - 354. What is the hundreds digit of y?
6
Let w = -1 - -4. Suppose k - 2*z - 112 + 28 = 0, 0 = -5*z - 10. Suppose w*g - 13 = k. What is the units digit of g?
1
Suppose 115600 = 30*v + 4*v. What is the hundreds digit of v?
4
Let g(h) = 185*h**2 + h - 3. Let s(d) = 93*d**2 - 1. Let v(p) = -4*g(p) + 9*s(p). What is the units digit of v(1)?
6
Let h(r) = 80*r - 237. What is the thousands digit of h(46)?
3
What is the units digit of (1001 - 2)/((-20)/8 - -4)?
6
Suppose -5*a - 325 = -0*i - i, 992 = 3*i + 2*a. Let t = -223 + i. What is the tens digit of t?
0
Suppose 2*s + o = -160, 2*s + 3*s + o = -406. Let r = 120 + s. What is the tens digit of r?
3
Let a(l) = -l**2 - 20*l - 24. Let i be a(-20). What is the units digit of ((-494)/i + (-1)/(-6))*4?
3
Let q = 47 - 44. Suppose -4*i = -q*h + 230, 5*i = 5*h - 492 + 107. What is the tens digit of h?
7
Let c(d) = d - 1. Let y(z) = -19*z + 14. Let a(v) = 2*c(v) + y(v). What is the tens digit of a(-4)?
8
Suppose 0 = -3*p - 15, 0 = -x - 0*p + p + 9. Suppose -216 = -6*g + 2*g - x*k, -2*g + 5*k + 87 = 0. What is the tens digit of g?
5
Let l be (-1 - -2)/(1/(-13)). Let a(d) be the third derivative of -d**6/120 - d**5/5 + 5*d**4/12 - 5*d**3/6 - 4*d**2 - 5*d. What is the units digit of a(l)?
4
Let j = -567 - -1679. What is the tens digit of j?
1
Let v = 21 - 11. Suppose -5*y = 2*o - v - 24, -4*y + 22 = -o. What is the units digit of (33/(-1))/(y/(-4))?
2
Let x(r) = 8*r**3 - 11*r**2 + 3*r - 16. What is the units digit of x(6)?
4
Let c = 14 + -9. Suppose -10*f = -c*f. Suppose 4*p = -16, f = b + 4*p - 3 + 13. What is the units digit of b?
6
Let g(h) = -h**3 + 2*h + 2. Let b be g(-3). Suppose -8 = -2*r - 42. Let c = b + r. What is the units digit of c?
6
Let b(l) = l - 2. Let p be b(-6). Let s = -2 - p. Suppose -s*a = -3*a - 81. What is the tens digit of a?
2
Suppose w + 82 = 3*w + 2*i, 5*w - 173 = 3*i. What is the tens digit of w?
3
Suppose -2*p + 0*p = -8. Suppose -21 = -4*u + v, 3*u = -p*v - 6 + 17. Suppose -u*l - 2*g - 14 = -147, 0 = 4*l - g - 96. What is the tens digit of l?
2
Let w(p) = -2*p**3 + 24*p**2 - 15*p - 14. What is the hundreds digit of w(8)?
3
Let u(v) = 324*v + 32. What is the units digit of u(1)?
6
Let y = 0 - 19. Let b = y - -22. What is the units digit of b?
3
Suppose 4*r = -3*s - 170, 2*r = -4*s + 7*r - 268. Let l = -31 - s. What is the units digit of l?
1
Let q = 271 - 110. Let m = 291 - q. What is the hundreds digit of m?
1
Suppose -13*r + 21*r - 416 = 0. What is the units digit of r?
2
Let l be 2/7 + 486/63. Let q(k) = 3*k + 11. What is the tens digit of q(l)?
3
Let x = 119 + -231. What is the tens digit of (3/(-6))/(2/x)?
2
Let c = 777 + 676. What is the units digit of c?
3
Let x(f) = 2*f**3 - f + 1. Let u be x(1). Suppose 2 = u*a + 4. What is the units digit of 10 - (a + -3 - -2)?
2
Let s be 20 + -18 + 0 + -23. Let n(a) = -a**2 - 24*a + 4. What is the units digit of n(s)?
7
Suppose 0 = -4*v + 53 - 17. Suppose -4*d = -4*h - v*d - 7, -h = -d - 5. What is the tens digit of 9 + (h - (1 + -2))?
1
Suppose -12*x = -39*x + 75465. What is the units digit of x?
5
Suppose -8*g + 20 = -7*g. Suppose -q + 47 = -g. What is the units digit of q?
7
Suppose -15*k + 5578 = -2702. What is the units digit of k?
2
Let i = 300 + 542. What is the tens digit of i?
4
Let z = 41 - 16. Let l = z - -24. What is the units digit of l?
9
Suppose -22 + 6 = 4*r, 0 = -2*w + 4*r + 48. Let d = w + -1. What is the tens digit of d?
1
Let g = -68 + 61. Let n(v) = -12*v + 18. What is the tens digit of n(g)?
0
Suppose 5*p = 8*p - 30. Let w(g) = -g**3 + 11*g**2 + 9*g - 15. What is the hundreds digit of w(p)?
1
Suppose -34*q + 101764 - 28154 = 0. What is the units digit of q?
5
Suppose 4*i = -3*t - 144, -5*i = -4*t - t + 145. Let p = i - -147. Suppose -3*d + p = 3*n, 4*n = -n + 10. What is the tens digit of d?
3
Let r(q) = -q**3 - q**2 - 2*q - 3. Let u = 9 + -11. Let j be r(u). Suppose -21 = -z - 2*o, j*o = 3*z - 9 - 10. What is the units digit of z?
3
Let r(f) = f**2 - 3*f + 2. Let l be r(3). Suppose l*u + 4*w = 33 + 3, -u - 4*w + 22 = 0. Suppose 7 = g - u. What is the tens digit of g?
2
Suppose -5*a = -10, -z + 5*a + 592 = 3*a. What is the units digit of z?
6
Suppose -8*v + 3*v = 15, -28 = -i + 3*v. Suppose 1268 = i*g - 2019. What is the hundreds digit of g?
1
Suppose 82*a - 79*a - 14313 = 0. What is the hundreds digit of a?
7
Suppose 0 = 13*r - 8*r - 10. Suppose -3*q - 5*x - r = -7, -5*q + 35 = -5*x. Let f = 3 + q. What is the units digit of f?
8
Let j(w) = w - 3. Let i be j(5). Let l(v) = 0*v**2 - 14 + v**2 + 0*v**i + 2*v + 2*v. What is the units digit of l(-7)?
7
What is the tens digit of ((-4)/10)/(-6*(-8)/(-93360))?
7
Let c = 703 - 612. What is the units digit of c?
1
Let u(t) = -t + 8. Let j be u(5). Suppose 0*l + 3*q = 4*l - 141, -3*q = -j. What is the tens digit of l?
3
Suppose 39 - 49 = 5*d. What is the units digit of (-144)/(-45) - d/(-10)?
3
Let t = -586 + 1132. What is the units digit of t?
6
Let z = -9 - -13. Suppose -z*n + 86 = -174. What is the units digit of n?
5
Let q(z) = -z**2 - 3*z + 8. Let o be q(-4). Suppose 4*v + 3 - 19 = o*f, -5*v = -4*f - 16. Let u = 17 - v. What is the units digit of u?
7
Let g be (20/(-8))/((-1)/34). Suppose j = -18 + g. What is the units digit of j?
7
Let q(l) = 4*l + 12. Let n(d) = 3*d + 12. Let j(w) = 5*n(w) - 4*q(w). Let o be j(7). Suppose -k - o*y = -27, 0*y - 2*y - 54 = -2*k. What is the tens digit of k?
2
Let o(c) be the second derivative of -c**4/12 + 4*c**3/3 - 3*c**2 + 23*c - 5. Let w(s) = -s**3 + s**2 + s + 6. Let u be w(0). What is the units digit of o(u)?
6
Let z be -2 + (-3 - -3)/2. Let a = z - -1. What is the units digit of a + (3 - -22 - 3)?
1
Suppose 0 = -3*v - 5*o + 5, v + 3*o + 6 - 5 = 0. Let q = -68 - -69. Suppose p - v = 4*h, 0 = 2*p + 2*h - 19 - q. What is the units digit of p?
9
Let w be 0 - (-4)/(-4 + 5). Suppose 0 = -2*a + w*k + 70, 4*a - k - 55 = 2*a. Suppose -4*r - 27 = 4*x - 87, 5*r = -a. What is the tens digit of x?
2
Suppose 3*a - 21 = 3*n, 0 = 5*n - 3*a + 45 - 14. Let c(i) = -5*i + 5. Let j be c(n). What is the units digit of (54/(-15))/((-9)/j)?
2
Let x(f) = f**3 + 3*f**2 + f - 1. Let i be x(-3). What is the hundreds digit of ((i - -2) + 213)*1 + 4?
2
What is the tens digit of ((-63)/(-42))/(1/444)?
6
Suppose -84 = -4*m - q + 5*q, 3*m - 65 = 2*q. Suppose -o = -8 - m. Let u = 53 - o. What is the units digit of u?
2
Let h(v) = -7*v - 3*v**3 - 7*v**2 - 5 + 0 + 4 + 2*v**3. Let s be h(-6). Suppose s*q - a = -6*a + 120, -4*q = 2*a - 104. What is the units digit of q?
8
Let d = 52 + -25. What is the units digit of (-1)/3 - (-765)/d?
8
Suppose 0 = 5*q - 20, 0 = 2*i - 9*q + 7*q - 362. What is the tens digit of i?
8
Let i = -4 - 15. Let z = -4 - i. Suppose -h + 12 = -z. What is the tens digit of h?
2
Let q(m) = -408*m**3 - 14*m**2 + 14*m - 11. Let k(g) = -272*g**3 - 9*g**2 + 9*g - 7. Let u(f) = -8*k(f) + 5*q(f). What is the hundreds digit of u(1)?
1
Let b(n) = -10*n + 1. Let g be b(-1). What is the tens digit of (g/1)/((-12)/(-48))?
4
Suppose 5*v - 18 - 22 = 0. What is the units digit of v?
8
Let i(s) = 10*s - 5. Let v(h) = -h + 1. Let l(z) = -i(z) - 3*v(z). Let f be l(-1). What is the tens digit of 51 - f/(18/(-8))?
5
Suppose 37100 = -11*r + 39*r. What is the tens digit of r?
2
Let i = 31 + 309. What is the tens digit of i?
4
Suppose -31*m + 37*m = 7566. What is the units digit of m?
1
Let a(i) = -i**2 + 4. Let j(v) = v**2 - 2. Let y be j(-4). Suppose y*l = 12*l. What is the units digit of a(l)?
4
Let c(h) = -h**2 - 10*h + 